348?
5
What is the hundred millions digit of 1303939967?
3
What is the hundreds digit of 192464543?
5
What is the tens digit of 342329001?
0
What is the hundred thousands digit of 8814849?
8
What is the units digit of 67045314?
4
What is the ten millions digit of 277414517?
7
What is the ten thousands digit of 271872113?
7
What is the thousands digit of 2111656511?
6
What is the hundred thousands digit of 112284539?
2
What is the millions digit of 9975836?
9
What is the ten millions digit of 214751640?
1
What is the units digit of 408462241?
1
What is the hundreds digit of 13602134?
1
What is the hundreds digit of 570249173?
1
What is the hundred millions digit of 543882776?
5
What is the ten millions digit of 216525576?
1
What is the ten thousands digit of 1359074575?
7
What is the hundreds digit of 46106649?
6
What is the hundreds digit of 28074176?
1
What is the thousands digit of 287477756?
7
What is the hundred thousands digit of 1347042022?
0
What is the millions digit of 3301744383?
1
What is the ten millions digit of 58103172?
5
What is the ten millions digit of 107486593?
0
What is the millions digit of 62904606?
2
What is the units digit of 106757102?
2
What is the units digit of 238762134?
4
What is the thousands digit of 260652652?
2
What is the millions digit of 1851008768?
1
What is the hundred thousands digit of 43350298?
3
What is the ten thousands digit of 464439668?
3
What is the millions digit of 2621285?
2
What is the hundred millions digit of 291360258?
2
What is the hundreds digit of 157881574?
5
What is the thousands digit of 521846098?
6
What is the thousands digit of 30995041?
5
What is the ten thousands digit of 33234653?
3
What is the tens digit of 26206351?
5
What is the ten thousands digit of 5228598597?
9
What is the millions digit of 4208929049?
8
What is the hundred thousands digit of 4517639641?
6
What is the hundred millions digit of 2383684600?
3
What is the ten thousands digit of 141092?
4
What is the hundreds digit of 4645675064?
0
What is the ten millions digit of 71442708?
7
What is the hundred thousands digit of 35154136?
1
What is the hundreds digit of 172834049?
0
What is the thousands digit of 352444951?
4
What is the units digit of 21522988?
8
What is the hundred millions digit of 208296664?
2
What is the millions digit of 167042708?
7
What is the ten millions digit of 282368587?
8
What is the hundred millions digit of 252029274?
2
What is the hundred millions digit of 1961005288?
9
What is the hundred thousands digit of 8591467619?
4
What is the tens digit of 1054783608?
0
What is the thousands digit of 53193885?
3
What is the millions digit of 44218221?
4
What is the tens digit of 39678122?
2
What is the units digit of 38353162?
2
What is the hundreds digit of 25182019?
0
What is the tens digit of 33681648?
4
What is the hundred thousands digit of 169698996?
6
What is the units digit of 98555766?
6
What is the ten millions digit of 155062643?
5
What is the hundreds digit of 119832765?
7
What is the units digit of 48571652?
2
What is the hundred millions digit of 729317617?
7
What is the thousands digit of 41222873?
2
What is the millions digit of 119304446?
9
What is the millions digit of 84226013?
4
What is the hundreds digit of 688450877?
8
What is the thousands digit of 13269999?
9
What is the units digit of 4007439920?
0
What is the ten thousands digit of 24508128?
0
What is the hundreds digit of 893993547?
5
What is the hundred thousands digit of 95740080?
7
What is the thousands digit of 1297179968?
9
What is the ten thousands digit of 116494772?
9
What is the hundreds digit of 505185476?
4
What is the thousands digit of 106632103?
2
What is the millions digit of 612017039?
2
What is the ten thousands digit of 3031102033?
0
What is the hundreds digit of 108766475?
4
What is the ten millions digit of 71324964?
7
What is the hundred thousands digit of 168659500?
6
What is the hundreds digit of 44689686?
6
What is the ten millions digit of 2736133537?
3
What is the hundreds digit of 2238254192?
1
What is the hundred thousands digit of 1325079293?
0
What is the thousands digit of 4754045?
4
What is the millions digit of 60131937?
0
What is the ten thousands digit of 12503528?
0
What is the thousands digit of 21358203?
8
What is the hundred thousands digit of 40942044?
9
What is the thousands digit of 638441699?
1
What is the hundreds digit of 92462086?
0
What is the ten thousands digit of 1139568284?
6
What is the units digit of 65825628?
8
What is the ten thousands digit of 42686288?
8
What is the millions digit of 21108842?
1
What is the ten millions digit of 418344152?
1
What is the ten millions digit of 505672354?
0
What is the hundred millions digit of 731280278?
7
What is the hundreds digit of 332161359?
3
What is the ten thousands digit of 46265359?
6
What is the millions digit of 257624668?
7
What is the tens digit of 53520892?
9
What is the hundred millions digit of 471285472?
4
What is the ten millions digit of 1022424127?
2
What is the hundreds digit of 129642892?
8
What is the units digit of 48603993?
3
What is the hundred millions digit of 198464064?
1
What is the units digit of 230297297?
7
What is the ten millions digit of 342394108?
4
What is the thousands digit of 1062889806?
9
What is the thousands digit of 55322053?
2
What is the ten millions digit of 68501430?
6
What is the ten thousands digit of 1002286803?
8
What is the millions digit of 7145026?
7
What is the hundred thousands digit of 1207833791?
8
What is the units digit of 157391666?
6
What is the hundred thousands digit of 76976526?
9
What is the thousands digit of 51310057?
0
What is the thousands digit of 1773778108?
8
What is the billions digit of 3262704366?
3
What is the ten thousands digit of 8087627049?
2
What is the ten thousands digit of 633929537?
2
What is the hundreds digit of 44812926?
9
What is the tens digit of 2110687817?
1
What is the hundreds digit of 435750779?
7
What is the thousands digit of 13856568?
6
What is the millions digit of 1203480040?
3
What is the thousands digit of 67089159?
9
What is the hundred thousands digit of 328492849?
4
What is the hundreds digit of 144190090?
0
What is the ten millions digit of 116186217?
1
What is the hundreds digit of 1170675297?
2
What is the thousands digit of 258011660?
1
What is the hundred millions digit of 167172986?
1
What is the hundred millions digit of 256925142?
2
What is the millions digit of 87334844?
7
What is the millions digit of 304497835?
4
What is the ten millions digit of 11050077?
1
What is the millions digit of 32711279?
2
What is the tens digit of 283881722?
2
What is the hundreds digit of 678637983?
9
What is the ten thousands digit of 29969900?
6
What is the units digit of 418777864?
4
What is the units digit of 414795279?
9
What is the hundred thousands digit of 816356687?
3
What is the hundreds digit of 518411465?
4
What is the hundred thousands digit of 33253873?
2
What is the tens digit of 23590489?
8
What is the tens digit of 224939677?
7
What is the units digit of 6810561498?
8
What is the hundred thousands digit of 8270415?
2
What is the units digit of 271239747?
7
What is the thousands digit of 2507453951?
3
What is the hundred thousands digit of 168442046?
4
What is the hundred millions digit of 1590331928?
5
What is the hundred thousands digit of 205257626?
2
What is the hundred millions digit of 2122158676?
1
What is the hundreds digit of 1394783606?
6
What is the millions digit of 124415092?
4
What is the hundred millions digit of 5505572789?
5
What is the units digit of 1507616510?
0
What is the ten thousands digit of 44276365?
7
What is the ten thousands digit of 255585186?
8
What is the millions digit of 192178629?
2
What is the units digit of 70566083?
3
What is the hundreds digit of 382377308?
3
What is the units digit of 30442330?
0
What is the tens digit of 1350742857?
5
What is the millions digit of 49405229?
9
What is the millions digit of 3545639?
3
What is the hundred millions digit of 428509673?
4
What is the millions digit of 370797489?
0
What is the tens digit of 2140993467?
6
What is the millions digit of 61360213?
1
What is the millions digit of 2546905836?
6
What is the thousands digit of 1167346105?
6